2. Let r be q(2). What is the highest common factor of 5724 and r?
108
Suppose a + 4*p + 365 - 2341 = 0, a - 4*p - 1984 = 0. Calculate the greatest common divisor of a and 5060.
220
Let g = 251 - 428. Let h = g - -196. Suppose -99 + 289 = 2*y. What is the highest common factor of y and h?
19
Let p be (-36)/(-54) - (-118)/(-6). Let d = -11 - p. Let y = 40 + -16. What is the highest common divisor of d and y?
8
Let m(o) = 2*o**2 + 13*o - 19. Let z be m(-8). Suppose -9*d + z = p - 5*d, -4*d = -4*p. Calculate the highest common factor of p and 11.
1
Let l = -2237 - -2417. Suppose -c + 5*w = 2*c - 62, -5*c = 2*w - 124. What is the greatest common divisor of c and l?
12
Let y(f) = 31*f - 2103. Let v be y(69). Calculate the greatest common factor of 7542 and v.
18
Let b be (-4)/(-2) + (-4 - (1 + -1)). Let r be (1 + 68/(-8) + b)*-2. Suppose i + 31 = 164. Calculate the highest common divisor of r and i.
19
Let m(d) = -4*d**2 + 19*d + 119. Let g(y) = y**2 - 6*y - 39. Let u(r) = -17*g(r) - 6*m(r). Let i be u(-5). What is the highest common factor of i and 8?
8
Let k = -26150 - -26336. What is the greatest common divisor of 462 and k?
6
Let a = -5465 + 6291. Calculate the greatest common divisor of 944 and a.
118
Let n(m) = -m**2 - 23*m - 15. Let u be n(-22). Let l(c) = -c + 2 + 1 + c + u*c. Let g be l(20). Calculate the highest common factor of 11 and g.
11
Let s be (2/(-4))/(80/(-173920)). Suppose -2369 - s = -54*p. What is the greatest common factor of p and 40?
8
Suppose 0 = 31*l - 9*l - 858. Let j = 409 + l. Calculate the highest common divisor of 128 and j.
64
Suppose -b = -2 - 0. Suppose 3*z + b*z - 125 = 0. Let d(w) = 88*w + 274. Let g be d(-3). What is the greatest common divisor of g and z?
5
Let s(t) = -9*t - 74. Suppose -21 = -5*a - 91. Let c be s(a). Let v be ((-1)/2)/((-1)/c). Calculate the highest common divisor of v and 78.
26
Let j = -5858 + 5898. What is the highest common divisor of 3110 and j?
10
Let b = 305 + -543. Let t = b - -267. What is the greatest common divisor of 145 and t?
29
Let a be ((55/(-2))/11)/(0 + 30/(-216)). Calculate the greatest common factor of a and 10476.
18
Let n(t) = 8935*t - 249875. Let m be n(28). Let o(q) = 2*q**2 + 3*q + 1. Let y be o(-3). Calculate the highest common factor of m and y.
5
Let q be 267 + -17 + 20 - (-2 - -10). Calculate the greatest common factor of q and 26200.
262
Suppose -4*y + 4*c = -232, -2*c + 46 = 4*y - 216. Calculate the highest common factor of 801 and y.
9
Let x be (255/7)/1 + 453/(-1057). Let d be ((-8)/3)/((-10)/15). What is the greatest common factor of d and x?
4
Let t = 1518 - 551. Let s = t - 868. Let k be (-3)/(-2)*44/6. Calculate the greatest common factor of s and k.
11
Let d = 2885 + -2765. What is the highest common divisor of 17220 and d?
60
Suppose -61 - 96 = -3*u + 2*r, -5*r - 145 = -3*u. Suppose 0 = 8*y - 19*y + u. Calculate the greatest common divisor of 45 and y.
5
Let a = 104 - 91. Suppose a*y - 103 = -90. Calculate the greatest common divisor of 11 and y.
1
Let r be 10/50 + (-324444)/(-30). What is the greatest common factor of 15 and r?
15
Suppose 0 = 42*b - 592 - 332. Suppose 699 + 181 = b*y. Calculate the highest common factor of 320 and y.
40
Let d be ((-14)/3 + 45/27)*-6. Suppose h + 1190 = d*h. Calculate the highest common factor of h and 175.
35
Let m(h) = h**2 + 34 + 0*h + 9*h - 3 - 56. Let o be m(7). Calculate the greatest common divisor of 58 and o.
29
Let w = 1343 - 914. Let v be ((-52)/10)/((-12)/10 - -1). What is the greatest common divisor of w and v?
13
Suppose 2*x + 2*s - 4 = 6, -3*x = s - 25. What is the greatest common factor of 60 and x?
10
Let o be 32 + ((-50)/10 - -1*4). Let d be 7/(-3)*(-52 + o). What is the greatest common factor of d and 539?
49
Let y(n) = 392*n + 3541. Let r be y(-9). What is the highest common factor of r and 131?
1
Let q(k) = -k**2 - 12*k - 3. Let w be q(-11). Suppose -1188 = -19*x - w*x. What is the greatest common divisor of x and 8?
4
Suppose 194*a - 958365 = -85*a. Calculate the highest common divisor of 240 and a.
15
Let r(z) = -247*z**2 + 244*z**2 + 18*z - 3*z - 3. Let j be r(6). Let v = j - -57. What is the greatest common factor of v and 24?
12
Suppose -6*k = -3*k + 3*p + 9, 0 = 5*p + 25. Suppose 4*c - 19*d = -20*d + 132, -5*c + 152 = -k*d. Calculate the highest common divisor of 160 and c.
32
Let k be (-7)/(-4) + -2 - 12/16. Let z be 13 + -8 - 1/k. Calculate the highest common divisor of z and 75.
3
Suppose 2*x - 5*x = -105. Let k(t) = -40*t + 170. Let a be k(-22). Suppose -a = -18*z - 12*z. What is the highest common divisor of x and z?
35
Let d be (-2)/4 + 89782/1484. Calculate the greatest common divisor of 5340 and d.
60
Let k be (-231 + -10)/(-1 + 2). Let z = k + 246. Calculate the highest common factor of 1 and z.
1
Let z = 37 - -39. Let q = z + -50. Let v(r) = -r**2 + 30*r - 9. Let y be v(q). What is the greatest common factor of y and 38?
19
Let a(o) = -o**3 + 3*o**2 + 3. Let y be a(3). Let c be (0 - (-20)/25)*15. Suppose -63 = -c*k + 9*k. Calculate the highest common divisor of y and k.
3
Let c = -739 - -825. Suppose 510 = 96*a - c*a. Calculate the highest common factor of a and 6.
3
Let o be ((-4)/(-6))/((-10)/(-120)). Let l = o - -6. Suppose -q + l = -3*d + 1, 0 = -2*q - 5*d - 18. What is the greatest common factor of q and 5?
1
Let h(c) = -645*c - 2138. Let a be h(-4). What is the highest common divisor of a and 799?
17
Suppose -423 + 376 = -47*o. Suppose 3*x - 23 = -5*t, 28 = 4*x - 3*t - 22. What is the highest common divisor of x and o?
1
Suppose w + 7 = f + 6*w, 4*w - 28 = 2*f. Let b be (-58)/f*-6*-14. What is the greatest common divisor of b and 21?
21
Let h be (6/(-4))/(30/(-340)). Suppose -4 = -3*a + h. Let z(o) = o**2 + 5. Let t be z(-4). What is the greatest common factor of t and a?
7
Let i be (-86304)/(-2232) + -1*(-2)/(-3). Let o(k) = -45*k - 2. Let h be o(-3). Calculate the greatest common factor of i and h.
19
Suppose -297 = -3*b + 27. Calculate the greatest common divisor of b and 177.
3
Let w(j) = 417*j**2 - 249*j - 498. Let b be w(-2). Calculate the highest common factor of b and 24.
12
Suppose 251048 = -150*v + 68*v + 1604048. What is the greatest common factor of v and 132?
132
Let j(s) = 121*s**3 - 2*s**2 + 1. Let o be j(1). Let b(t) = -t**3 + 42*t**2 + 80*t + 432. Let x be b(44). What is the highest common divisor of x and o?
40
Let m be ((-24)/10)/((-16)/40). Suppose 8*q = -m + 166. What is the highest common divisor of 2 and q?
2
Suppose v + 3*k = -k + 351, 0 = -4*k - 4. Calculate the greatest common factor of 60 and v.
5
Suppose 0 = -4*k - 2*g + 6, -90*k + 94*k + 9 = -5*g. Calculate the highest common divisor of k and 896.
4
Suppose 57*u - 125634 = -49824. What is the highest common divisor of 350 and u?
70
Suppose 5*k = -3*b - 25, 40 = -2*k + 4*b + 4. Let p be (52/(-5) - k)/((-1)/10). Calculate the highest common divisor of p and 84.
12
Let i(b) = -2*b**2 + 30*b + 8. Let y be i(13). Let q be 2/8 - (-44890)/536. Calculate the greatest common divisor of q and y.
12
Suppose 0 = v - 4*v - 3, 4*f - 2*v = 86. Suppose -z + 58 = 3*q, 4*q = -q + 5*z + 130. Calculate the highest common factor of f and q.
21
Let t be 697/4 - (-3)/(-12). Let a be (8 + -3)/((-40)/(-24)). Suppose -a*h - 2*y + 472 = 0, y + 3*y - t = -h. Calculate the greatest common divisor of h and 22.
22
Let v(x) = 4*x - 10. Let h(b) = 4*b - 11. Let g(f) = 3*h(f) - 2*v(f). Let z be g(-5). Let o = z - -41. Calculate the highest common divisor of 2 and o.
2
Let g(t) = -t**2 - 2. Let f(m) = m + 3. Let b(d) = -5*f(d) - 4*g(d). Suppose -8*w - 9*w = 51. Let u be b(w). What is the greatest common factor of 176 and u?
44
Let n(c) = c**3 - 5*c**2 + 8*c + 2. Let s be n(6). Suppose -52 - s = -4*a + 3*v, -a + v = -35. Calculate the greatest common factor of a and 88.
11
Let h(f) = 3*f**3 + 12*f**2 + 4*f + 48. Let i be h(-3). Calculate the greatest common factor of 126 and i.
63
Suppose -c = -0*c - 26. Suppose s - 10 = c. Let t be (54/63)/((-6)/(-378)). Calculate the greatest common factor of s and t.
18
Let v be (2 + 0)/(10/25). Suppose -v*i + 31 = x - 14, 3*i = -5*x + 159. What is the highest common factor of x and 150?
30
Let x = -124 - -111. Let j = x - -19. Let u be (165/22)/(1/4). Calculate the highest common divisor of u a